236. Let f = z + 137. What is the highest common factor of f and 10?
10
Suppose 0 = m + 3*i - i - 104, 4*m + 2*i = 404. Let j be 2/(-4) - m/(-8). Calculate the highest common factor of 108 and j.
12
Suppose -g - g = 4. Let m = 9 + g. Suppose 5*w - 93 = -2*f, 4*w + 46 = f - m. What is the highest common factor of 7 and f?
7
Let o = -119 + 209. Let j(l) = -l - 4. Let h be j(-6). Let t be 2/(h*(-2)/(-20)). What is the greatest common factor of o and t?
10
Let n(m) = 21*m + 6. Let o be n(4). Calculate the highest common factor of 10 and o.
10
Suppose 0 = -2*j + 4*l - 18, -l = 3*j - 2*j - 6. Suppose 3*w - 5*q - 1 = -7, 3*w - 2*q - 3 = 0. What is the highest common factor of w and j?
1
Let l be 59 - (1 + (3 - 2)). Let r be (-186)/(-10) - 2/(-5). Calculate the greatest common divisor of r and l.
19
Let d be (0 - 2) + 3 + 19. Let k be (-20)/3*(0 + -30). What is the highest common factor of k and d?
20
Let y(q) = 2*q**2 + 6*q + 5. Let n = 6 + 2. Let l be (2/(-4))/(1/n). Let d be y(l). Calculate the highest common divisor of 117 and d.
13
Let t = 216 - 106. Let m(c) = -2*c - 26. Let q be m(-13). Suppose q = -2*a + 4, -2*v + 5*a = -2 - 8. Calculate the highest common divisor of t and v.
10
Suppose 3*w - w - 24 = 0. Suppose 0 = m - 5*y + w, y + 16 = 5*y. Suppose -4*k + 79 + 17 = 0. What is the highest common divisor of m and k?
8
Let o(i) = -13*i - 3. Let f be o(8). Let k = -67 - f. What is the highest common factor of 60 and k?
20
Let z be 75 - 33 - -1*2/1. Calculate the highest common factor of z and 11.
11
Let a(w) = -w**2 + 3*w + 1. Let n be a(3). Let u be (3 + -2)*n - -125. Calculate the highest common factor of 21 and u.
21
Let b(s) = -s + 9. Suppose 0 = -3*j + 2*x + 25, 9 = 3*j + 3*x - 21. Let p = j - 2. Let z be b(p). Calculate the greatest common divisor of z and 4.
2
Let o = -7 + 17. Let w = 15 - o. Suppose -f = 2*s - 7, -w*s + 12 + 12 = -4*f. What is the greatest common factor of 1 and s?
1
Suppose -5*a + 156 = -2*a. Suppose x = -4*x. Suppose q + 4*q - 2*z - 102 = x, 2*q + 2*z = a. What is the highest common divisor of 110 and q?
22
Suppose -3*n - 207 = -5*p, 2*n = -p + 11 + 20. Let y be (1 - 2)/((-3)/78). Calculate the highest common divisor of p and y.
13
Suppose 51 = 5*r - n, 6*r = r - 2*n + 48. Let y = 5 - 0. Suppose y = o - 10. Calculate the highest common factor of o and r.
5
Suppose -2*x - 4 = -3*x. Suppose o + x*o = 0. Suppose p + o = 5. Calculate the greatest common divisor of 20 and p.
5
Suppose -x + 6*x = -120. Let v be x*(1 + 6/(-3)). Calculate the greatest common divisor of 6 and v.
6
Let v(q) = 2*q**3 + 2*q**2 - 3*q - 2. Let k be v(-2). Let a be k + (-6)/(-3) - -296. Let p = -173 + a. Calculate the highest common divisor of 11 and p.
11
Suppose -2*i + 4 = 2*i. Let u = -1 - i. Let x be (-3 - -15)/(u/(-10)). What is the highest common factor of x and 24?
12
Let d(j) = j**3 - j**2 + j + 1. Let z be d(0). Calculate the highest common divisor of 8 and z.
1
Let x be ((-2)/(-6))/(2/(-30)). Let h = 19 + x. Calculate the highest common factor of h and 2.
2
Suppose 0*u = u - 1. Calculate the greatest common divisor of u and 8.
1
Let x(p) = p**3 + 7*p**2 + 3*p - 7. Let g be x(-6). Suppose 0 = 5*m + 4*l - 25, 7*m + 2*l = 2*m + 15. What is the highest common factor of g and m?
1
Suppose 4*w - 41 = 3*l, -4*l + w - 6*w = 65. Let u be 8/6*-3 - l. What is the greatest common factor of u and 44?
11
Let n = -11 - -25. Suppose 2*j - 3*f - 51 = -3*j, -j + 5*f - 3 = 0. Let t be (-7)/(0 - 2/j). What is the greatest common divisor of t and n?
14
Suppose 19 = 4*p - 1. Suppose 0*j - 3*q + 157 = -4*j, 0 = -3*j + p*q - 115. Let g = 72 + j. Calculate the greatest common divisor of 80 and g.
16
Let k be 0/(0 + 3/3). Suppose -z - 1 = -2*z - j, k = -2*z - j. Let o(p) = -16*p. Let c be o(z). What is the highest common factor of c and 4?
4
Suppose 0 = -5*h - 0*h + 45. Suppose c - 71 - 88 = -3*o, 5*o = 3*c - 407. Suppose c = 4*w - 0*w. Calculate the greatest common divisor of w and h.
9
Let v(y) = 84*y - 2. Let t be v(-3). Let w = t + 477. Suppose w = 3*g - 41. Calculate the highest common factor of g and 8.
8
Let d be 84/9*2*6. Let p be 4/(-18) + 644/63. Let v(m) = m**3 - 10*m**2 + 2*m - 4. Let x be v(p). What is the greatest common divisor of d and x?
16
Suppose 2*v + 4*g = 44, -3*g - 170 = -5*v + 2*g. Let c = -9 + 15. Let u be (-6)/c - (-26)/2. What is the greatest common factor of v and u?
6
Suppose b = 3*b - 4. Let a = 6 - b. Suppose 5*q + i - 100 = -i, 0 = -q + 4*i + 20. Calculate the highest common factor of q and a.
4
Let m = 68 + 51. Calculate the highest common divisor of 17 and m.
17
Let r be -2 + (62 - (0 + -3)). Suppose 4*n - o - 31 = 0, 5*n - o + 2*o = 50. Calculate the greatest common divisor of n and r.
9
Let x(n) = n**2 - 9*n - 12. Let l be x(12). Suppose -110 + 335 = 3*m. Let p = l + m. Calculate the greatest common factor of 11 and p.
11
Suppose -5*r = -15 - 0. Suppose -p = -r*c - c + 53, 2*c - 13 = 5*p. Calculate the greatest common factor of 56 and c.
14
Let h be (2 - -13)*8/10. Let a be (-21)/(-2) + (-6)/h. Let y be (4/(-5))/(8/(-900)). What is the highest common divisor of a and y?
10
Let i(k) = k**3 + 3*k**2 - 5*k. Suppose -6*c + 4*c - 8 = 0. Let f be i(c). Calculate the highest common factor of 36 and f.
4
Suppose -40 = -5*m + 5*s, 4*m + 3*s - 80 = -m. What is the greatest common divisor of m and 117?
13
Let f(q) = 31*q**2 + q - 5. Let c be f(4). Suppose 2*p = 7*p - c. Suppose -8 = -3*l - 4*h - 1, 0 = -4*h - 20. What is the greatest common divisor of p and l?
9
Let x = 170 - 157. Calculate the greatest common factor of 104 and x.
13
Let l(b) = -2*b + 20. Let s be l(8). Calculate the highest common divisor of s and 1.
1
Let d = -20 - -19. Let g(i) = -16*i + 1. Let r be g(d). Let b = 449 - 313. What is the greatest common divisor of r and b?
17
Let y = 19 - 9. Let n = -27 - -14. Let l be (-2 - n)/1 + -1. What is the highest common divisor of l and y?
10
Suppose 2*q = -2*q - 40. Let v = 17 + q. Let b be (1 - (-155)/(-15))*-3. What is the highest common factor of b and v?
7
Let n = -12 + 17. What is the highest common divisor of 10 and n?
5
Let t(o) = 2*o**2 - 2*o. Let v be t(3). Let b(j) = j**3 - 19*j**2 - 18*j - 10. Let d be b(20). Calculate the highest common divisor of v and d.
6
Suppose o - 4*l = l + 5, l = -o + 5. Let a = o + 0. Let g be (a - 2)*28/6. Calculate the highest common factor of 42 and g.
14
Let t(y) = -9*y. Let w be t(-2). Suppose 4*l + 11 - 83 = 0. Calculate the greatest common factor of w and l.
18
Let c(u) = u**2 - 6*u + 15. Let r be c(6). Calculate the greatest common factor of 60 and r.
15
Let x = 8 + -9. Let k be (-6)/(-2) - (3 + -3). Let t be (14 - k)/(2 + x). Calculate the highest common factor of 33 and t.
11
Let v = -8 - -20. Suppose 0 = 2*g - 5*g - 5*h - 25, -5*h - 20 = 2*g. Let r be (-92)/(-5) - (-2)/g. Calculate the highest common factor of v and r.
6
Suppose -2*w - 3*c = -0*w + 1, 10 = w - 2*c. Suppose w*y = 483 + 317. Calculate the greatest common factor of 25 and y.
25
Let k be (-111)/(-4)*(-88)/(-33) - 2. Calculate the highest common divisor of 48 and k.
24
Let q = 28 - 19. Suppose 10*b + 2*b = 324. Calculate the greatest common divisor of b and q.
9
Let r be 17 - (-1 + 2) - -1. Let b(s) = 3*s**2 + 3*s - 1. Let a = 11 - 9. Let y be b(a). What is the greatest common factor of r and y?
17
Suppose -m + 2*q = -15, -2*m + 4*q = -4*m + 30. What is the greatest common divisor of m and 5?
5
Let t = 582 + -398. What is the greatest common divisor of t and 23?
23
Suppose 10*k = 2*k + 144. Calculate the highest common divisor of k and 72.
18
Suppose -v + 4 = -2*s - 0*s, 4*v - 16 = 5*s. Let h = v + -2. Suppose 52 - 10 = h*b. Calculate the greatest common factor of 3 and b.
3
Let o(y) = -y + 15. Let d be o(0). Let z be 2/(-8) + 123/12. What is the highest common divisor of d and z?
5
Suppose 12*r - 10*r = 184. What is the highest common factor of r and 4?
4
Let v be 98 + ((-16)/4 - -6). Calculate the greatest common factor of 20 and v.
20
Let o = -3 + -6. Let d = 5 + o. Let v = -3 - d. What is the highest common factor of 7 and v?
1
Let h = -88 + 165. Let t be (2 + (-8)/3)*-3. Suppose -n + t*o = -11, n - 33 = -2*n - 3*o. What is the greatest common divisor of n and h?
11
Let q(a) = -a**3 - 5*a**2 - a - 1. Let i be q(-